est common factor of 5077 and 16?
1
Calculate the greatest common factor of 609522 and 372.
186
Calculate the highest common factor of 336 and 2106300.
84
What is the greatest common divisor of 4452 and 1869?
21
Calculate the greatest common factor of 540 and 6588.
108
What is the highest common divisor of 272780 and 46?
46
Calculate the highest common factor of 1018 and 1332053.
509
Calculate the highest common factor of 4816 and 251335.
301
What is the greatest common divisor of 2574 and 39?
39
What is the highest common factor of 64 and 479024?
16
Calculate the greatest common factor of 263120 and 6435.
715
What is the highest common factor of 299694 and 96384?
1506
What is the greatest common divisor of 154154 and 1911?
637
What is the greatest common divisor of 991029 and 429?
39
What is the greatest common factor of 28187 and 426?
71
What is the highest common factor of 75060 and 108?
108
What is the greatest common factor of 7180 and 10705?
5
What is the greatest common divisor of 1998 and 10377?
9
What is the highest common divisor of 47720 and 4300?
20
What is the highest common factor of 3552 and 2960?
592
Calculate the highest common factor of 158414 and 412.
206
Calculate the greatest common divisor of 664642 and 242.
22
What is the highest common divisor of 4565 and 4835?
5
Calculate the greatest common factor of 357 and 48951.
21
Calculate the greatest common divisor of 5111 and 551.
19
What is the greatest common divisor of 282 and 543884?
94
Calculate the highest common divisor of 13508690 and 130.
130
What is the highest common divisor of 300 and 28305?
15
What is the highest common divisor of 1216703 and 19?
19
Calculate the highest common divisor of 928 and 1192.
8
What is the greatest common divisor of 1013 and 4046935?
1013
Calculate the greatest common factor of 4075572 and 12.
12
Calculate the greatest common factor of 57 and 77653.
19
Calculate the greatest common factor of 9 and 17868.
3
Calculate the highest common divisor of 59682 and 84.
42
Calculate the greatest common factor of 3905 and 27445.
55
What is the highest common divisor of 96 and 7608?
24
Calculate the highest common divisor of 69834 and 4017.
309
What is the greatest common divisor of 1168 and 12337?
73
What is the highest common factor of 121804 and 1332?
148
What is the highest common divisor of 128 and 38560?
32
Calculate the highest common factor of 70 and 1187100.
10
Calculate the highest common factor of 70725 and 1380.
345
What is the highest common factor of 11303 and 5696?
89
Calculate the greatest common factor of 69083 and 58380.
973
What is the highest common divisor of 41696 and 535533?
1303
Calculate the greatest common factor of 1030870 and 10.
10
Calculate the highest common factor of 2789855 and 545.
545
Calculate the highest common divisor of 865096 and 51.
17
What is the highest common divisor of 1019916 and 252?
36
What is the greatest common factor of 90773 and 43?
43
What is the highest common divisor of 24 and 768?
24
What is the highest common factor of 21 and 1556359?
7
What is the highest common factor of 48477 and 253?
11
What is the highest common factor of 1969 and 330?
11
What is the highest common divisor of 482 and 1017502?
482
What is the highest common divisor of 200 and 5800?
200
What is the highest common factor of 3818604 and 3132?
348
What is the greatest common factor of 116 and 131602?
58
Calculate the highest common factor of 130 and 1178970.
130
Calculate the greatest common factor of 33 and 9031.
11
Calculate the highest common factor of 4755792 and 12.
12
Calculate the greatest common factor of 3 and 406.
1
Calculate the greatest common factor of 399434 and 9373.
721
Calculate the highest common factor of 120 and 34530.
30
Calculate the highest common divisor of 9405 and 5852.
209
What is the highest common divisor of 434 and 7936?
62
What is the greatest common factor of 676082 and 389?
389
What is the greatest common divisor of 120 and 10480?
40
What is the greatest common divisor of 16 and 7606?
2
Calculate the highest common factor of 92781 and 183.
183
What is the highest common factor of 1717 and 43632?
101
Calculate the greatest common divisor of 34606996 and 389.
389
What is the highest common factor of 117670 and 3157?
287
What is the greatest common divisor of 2952 and 243?
9
Calculate the greatest common factor of 2510 and 590.
10
What is the highest common divisor of 315 and 17262?
63
Calculate the greatest common divisor of 2464 and 3850.
154
What is the highest common factor of 2504 and 5637756?
1252
Calculate the highest common factor of 1035418 and 938.
134
Calculate the highest common factor of 31020 and 924.
132
Calculate the greatest common factor of 42 and 70860.
6
What is the highest common factor of 5952 and 402432?
192
What is the highest common factor of 23915 and 300?
5
Calculate the greatest common factor of 99 and 130658.
11
Calculate the greatest common divisor of 47689 and 463.
463
What is the greatest common factor of 505 and 45?
5
What is the greatest common factor of 130 and 23374?
26
What is the greatest common divisor of 1979490 and 105?
15
Calculate the highest common divisor of 9 and 117060.
3
What is the greatest common factor of 824 and 515?
103
Calculate the greatest common factor of 48 and 658800.
48
Calculate the highest common factor of 27826 and 154.
2
Calculate the greatest common factor of 2 and 30854.
2
What is the highest common factor of 747 and 10541?
83
Calculate the highest common divisor of 6 and 2398314.
6
What is the greatest common divisor of 1036 and 29932?
28
Calculate the greatest common divisor of 2288 and 146080.
176
What is the greatest common factor of 4870 and 6?
2
What is the highest common factor of 707 and 253409?
101
What is the highest common divisor of 36225 and 35?
35
What is the highest common divisor of 1596 and 436?
4
Calculate the greatest common divisor of 35413 and 14.
7
Calculate the greatest common divisor of 6540 and 198.
6
Calculate the greatest common divisor of 1761672 and 22.
22
What is the greatest common factor of 44252 and 156?
52
Calculate the highest common factor of 342 and 30400.
38
What is the highest common factor of 3051 and 70060?
113
What is the highest common factor of 346 and 59?
1
What is the greatest common factor of 10396 and 97612?
92
Calculate the greatest common divisor of 8959 and 34.
17
Calculate the highest common factor of 6064 and 53818.
758
What is the greatest common divisor of 81339 and 57?
57
Calculate the highest common factor of 13710 and 135.
15
Calculate the greatest common factor of 2264 and 256.
8
Calculate the highest common factor of 3968 and 19344.
496
What is the greatest common divisor of 196386 and 12?
6
What is the highest common divisor of 52 and 650858?
26
What is the highest common factor of 14496 and 80544?
96
Calculate the greatest common divisor of 124 and 887871.
31
What is the highest common divisor of 81904 and 36?
4
What is the greatest common factor of 25213 and 285?
19
What is the highest common factor of 9638 and 3950?
158
What is the highest common divisor of 20952 and 376?
8
Calculate the greatest common divisor of 88 and 33308.
44
Calculate the greatest common factor of 735 and 805560.
735
What is the greatest common divisor of 173584 and 228?
76
Calculate the highest common divisor of 828 and 47587.
23
What is the greatest common factor of 29 and 208423?
29
Calculate the greatest common factor of 7498 and 23798.
326
Calculate the highest common factor of 3460 and 2320.
20
Calculate the highest common divisor of 16766 and 158.
2
Calculate the greatest common divisor of 102 and 104298.
6
Calculate the greatest common factor of 10 and 181378.
2
What is the highest common factor of 35 and 3109365?
35
Calculate the highest common divisor of 130 and 12038.
26
What is the highest common factor of 4325463 and 34?
17
Calculate the greatest common factor of 3591 and 2198.
7
What is the highest common divisor of 57906 and 18?
18
Calculate the highest common divisor of 37978 and 136.
34
Calculate the highest common divisor of 14160 and 9228.
12
Calculate the highest common divisor of 9072 and 5348.
28
What is the highest common factor of 50481 and 553?
79
Calculate the greates